rime factors of ((-27)/(-36))/((-1)/i)*-2?
2, 3
Suppose 5334*s - 5360*s = -377572. What are the prime factors of s?
2, 53, 137
Let s = 4659 + -1132. List the prime factors of s.
3527
Suppose -47*x + 28 + 1570 = 0. List the prime factors of x/(90/78 - 1).
13, 17
Let t = -3482 - -20632. Suppose -8*h = 6*h - t. What are the prime factors of h?
5, 7
Suppose -25*p + 77483 + 29367 = 0. What are the prime factors of p?
2, 2137
Suppose 23*h - 4 = 22*h. Suppose 5*u - 9*u = -3*q - 106, h*u - 166 = 5*q. List the prime factors of 36*((-2)/(-10))/((-12)/q).
2, 3
Let c(u) = -u**3 - 36*u**2 - 30*u - 129. Let d be c(-37). Suppose 5*n + 5*i = d, -2*i + 4 = -0*i. List the prime factors of n.
2, 3, 13
Suppose 7*n - 11*n - 10414 = 3*o, 0 = 5*o + 4*n + 17370. Let v = -2079 - o. What are the prime factors of v?
1399
Let z(p) = -47*p**2 + 9 + 9*p**3 - 25*p + 42*p**2 + 21*p. List the prime factors of z(4).
3, 163
Suppose -l + 9 = -5*j, -3*j = -l + j + 7. Let s be -1 + (l - 9)/(2/(-5)). Let w = 80 + s. What are the prime factors of w?
2, 13
Suppose -612230 - 646705 = -21*s - 319311. What are the prime factors of s?
2, 7, 17, 47
Suppose -1111*g - 114038 = -1130*g. List the prime factors of g.
2, 3001
List the prime factors of (-3)/2 + (7 - 11377/(-2)).
2, 3, 13, 73
Let c(u) = -5*u**3 + 99*u**2 - 2*u - 47. Let f(w) = 2*w**3 + w**2 + w. Let i(j) = c(j) + 4*f(j). List the prime factors of i(-34).
3, 347
Let k be (-6)/(-4)*1*1848/99. Let l(t) = t**2 - 13*t + 123. What are the prime factors of l(k)?
3, 181
Suppose -1154*b = -1134*b - 236140. List the prime factors of b.
11807
Suppose 0*o = -o - 35. Let v be (-10)/o*7*4/(-2). List the prime factors of 2/(-4)*(-18 + v).
11
Let v = -634 - -23889. What are the prime factors of v?
5, 4651
Let g(b) = 2*b**2 + 1. Let o be g(3). Let l(y) = -7*y + 12*y**2 + o*y**2 - 3 + 8*y - 8*y**2. What are the prime factors of l(2)?
7, 13
Suppose 3*t + 16 = 4*s - 10, 5*t = 2*s - 20. Let d(n) = -65*n**3 - 2*n**2 + 3*n - 1. List the prime factors of d(t).
5, 101
Suppose 10650 = -14*v + 24*v. Let a = 1920 - v. Suppose 5*l + a = 5*x, 4*l - 5*l + 348 = 2*x. What are the prime factors of x?
173
Suppose 0 = -5*p - 19 + 24. Let h be (-1 + (13 - 7))/(p/2). Suppose 11*a = h*a + 161. List the prime factors of a.
7, 23
Let p(x) = 20*x**2 - 22*x + 207. List the prime factors of p(14).
3, 19, 67
List the prime factors of (-378)/28*2815/10*-4.
3, 563
Let k(r) = 5966*r - 12071. List the prime factors of k(13).
3, 83, 263
Suppose -9*h = -30*h + 16*h. Suppose h = -3*b - 6, -3*s + 0*b + 2437 = -2*b. What are the prime factors of s?
811
Let n be 198/21 + 18/(-42). Suppose 0 = -n*y - 13 - 5. List the prime factors of (-10 - y)*19/(-2).
2, 19
Let g = -27 - -34. Let y(f) = 3*f - 16. Let l be y(g). What are the prime factors of 83 + l/(25/(-15))?
2, 5
Suppose 0 = 41*z - 54*z + 3237. Suppose t + 0*t + 3*i = 20, 0 = -t + 3*i - 10. Suppose y - 2*y = t*c - z, 225 = y - c. What are the prime factors of y?
229
Suppose 0 = g + 2*k + 362, -2*g = -8*k + 10*k + 724. Let m = 150 - g. What are the prime factors of m?
2
Let h(b) = 2046*b**2 - 11*b - 6. What are the prime factors of h(-2)?
2, 5, 41
Let s = 749 - 238. Let v = s - 216. List the prime factors of v.
5, 59
What are the prime factors of 324180/80 - -3*(-1)/(-4)?
3, 7, 193
Let q(v) = 25*v**2 - 10*v - 9. Let w be 4/((1/(-2))/(15/12)). Let p be (w + 1)*(6/2)/9. List the prime factors of q(p).
2, 3, 41
Let m(w) = w**2 - 11*w + 2. Let q be m(11). Suppose -2*i - 220 = -q*z, -3*z - 4*i + 550 = 2*z. Suppose -z - 125 = -5*r. What are the prime factors of r?
47
Let k(y) = -14*y + 79. Let r be k(3). Suppose r*p - 36645 = 2*p. List the prime factors of p.
3, 349
List the prime factors of -13418*(-13 - (-1 + -11)).
2, 6709
Let u = -245 - -257. List the prime factors of (u - -2)*(17 + 12/(-3)).
2, 7, 13
Let g = -146 - -179. List the prime factors of g/6 + (0 - (-6)/(-12)).
5
What are the prime factors of 20094/(-2)*(0 - 11 - (-2436)/252)?
2, 17, 197
Let f(j) = -627*j + 4030. What are the prime factors of f(6)?
2, 67
Let g be 6/(-1 - 21/(-23)). Let y = -63 - g. Suppose -y*v + 3 = -27. What are the prime factors of v?
5
Let b be (175/75)/((-3)/(-9)). Let z be 2*5/(10/728). Suppose -b*w + z = -0*w. What are the prime factors of w?
2, 13
Let l = 89 + -60. Let o be -3*(-3 + 124/12). What are the prime factors of (l + -7)*o/(-4)?
11
Let p(d) = 7*d - 14. Let w = 80 - 74. Suppose -6*c = -3*c - w, -3*y - c + 17 = 0. List the prime factors of p(y).
3, 7
Let v(p) = 2764*p + 7792. List the prime factors of v(12).
2, 5
List the prime factors of 6/(-11) + (-492795)/(-11).
3, 109, 137
Let s = 3967 - 1722. What are the prime factors of s?
5, 449
Let o be (-164304)/(-60) + 16/10. Suppose o = -84*t + 89*t. What are the prime factors of t?
2, 137
Let f(g) = 40*g + 231. Let b be 0/1*22/66. What are the prime factors of f(b)?
3, 7, 11
Let m(j) = j + 12. Let h be m(3). Suppose -s + h = 18. List the prime factors of (s - -5 - 3)*565/(-5).
113
Let v(k) be the first derivative of k**3/3 + 3*k**2 + 89*k + 161. What are the prime factors of v(-34)?
3, 347
Suppose -5*h - 26*k + 3918 = -24*k, 0 = -3*h + 5*k + 2357. Suppose 7*n - 1000 = 2*n. Suppose 6*t - h = n. List the prime factors of t.
2, 41
Suppose -22*i + 10*i = -6996. Let s = 42 + i. List the prime factors of s.
5
Suppose n = -i + 2*n + 62649, -3*i + 187905 = 11*n. List the prime factors of i.
2, 3, 53, 197
Let f = 27 - 31. Let w be (3/4)/((-1)/f). Suppose 0 = -0*k - 4*k + 3*j + 129, -w*k + 4*j + 102 = 0. What are the prime factors of k?
2, 3, 5
Let s(a) = 123*a - 8. What are the prime factors of s(26)?
2, 5, 11, 29
What are the prime factors of (24/(-60))/((-2)/60)?
2, 3
Suppose -11302 = 3*o - 43666. List the prime factors of o.
2, 3, 29, 31
Let k(c) = 1088*c + 305. What are the prime factors of k(6)?
6833
Suppose 2*f = -3*u - 0*f - 35, -f = 4. Let i(h) = h + 12. Let c be i(u). Suppose -4*n + 220 = -0*n + 4*a, 0 = c*a + 9. List the prime factors of n.
2, 29
Let j be (-7)/4 + (-75)/60. Let z(n) = -8*n - 21. Let g be z(j). Suppose 795 = 3*f - g*i, -4*f - 2*i = -2*f - 538. List the prime factors of f.
3, 89
Let d be (-12)/9*((-10806)/6 - 2). Suppose 0 = v - 5*v + d. What are the prime factors of v?
601
Let v = -2198 + 12050. List the prime factors of v.
2, 3, 821
Suppose 0*i + 2692 = -4*d - i, -2684 = 4*d + 3*i. Let w = 417 - d. What are the prime factors of w?
1091
Suppose -5*i + 147 = -w, -3*i = 4*w + w - 77. Let t = i - 21. Let z = 26 + t. List the prime factors of z.
2, 17
Let q(x) = -3*x**2 - 63*x + 93. Let s be q(-30). List the prime factors of s/(-2)*72/54.
2, 239
Let w = -64 - -70. List the prime factors of -3 + -2*1*(-411)/w.
2, 67
Suppose 0 = -4*u - 4*u + 73869 + 58539. What are the prime factors of u?
3, 613
Let x be (-1)/(-1 + 1/2 + 0). Let o(w) = -2*w**3 + 5*w**2 - w + 1. Let t be o(x). Suppose -t*r - 643 = -5*q, 5*q - 4*r = 7*q - 252. List the prime factors of q.
2
Suppose d + 27*l = 32*l + 7673, 2*d - 4*l = 15352. List the prime factors of d.
2, 11, 349
Let w = -574 - -488. Let a be 1 + (2 + 141 - 0). Let z = w + a. What are the prime factors of z?
2, 29
Suppose 2101*c + 26827 = 2121*c - 60513. List the prime factors of c.
11, 397
Let c(z) = 4*z - 5. Suppose 9*p = 8*p + 3. Suppose -5*m + 2*s + 12 = -11, -p*m - 2*s + 1 = 0. What are the prime factors of c(m)?
7
Let q = 31710 - 19070. What are the prime factors of q?
2, 5, 79
Suppose 0 = 3*j - 6, -v - 5*j = 9 + 9. What are the prime factors of 12170/22 + v/154?
7, 79
Suppose 23*w + 22*w - 168525 = 20*w. List the prime factors of w.
3, 7, 107
Let t(n) = -795*n + 412. What are the prime factors of t(-5)?
41, 107
Let f be (88/(-32))/(4/(-16)). Suppose f*g - 9*g - 77 = c, -5*g + c + 197 = 0. List the prime factors of g.
2, 5
Let p(i) = -i**2 - i - 3. Let c be p(-2). Suppose -15 = -5*z, -23 = -2*t - 4*z - 1. What are the prime factors of (-2)/t + (-387)/c?
7, 11
Let f = 43 - 45. Let a(j) = -14*j**3 + 3*j**2 + 4*j + 2. Let y be a(f). Suppose -3*p = 5*t - 564, 2*p + 0*p + y = t. List the prime factors of t.
2, 3, 19
Let v(d) = -3*d**3 + 4*d**2 + d + 1. Suppose 2*p = 15*p - 39. Suppose 5*j = -p - 17. List the prime factors of v(j).
11, 23
Suppose -3*t + 36392 = 2*w, 2 = w + w. What are the prime factors of t?
2, 5, 1213
Let c(z) = -z**3 - 4*z**2 - 5*